623 - (-2 + 24)?
-17
What is (8 - (22 - 18)) + (-3 - (-8 + 4))?
5
(-1 + -13 - (1 + (2 - -5))) + 6
-16
Evaluate -2 - (-2 + -10 + 15 + (6 - 13)).
2
What is the value of -4 - (1 - -8 - 14)?
1
(-156 - -161) + (-1 - 0)
4
-2 + (-2 - -5) + (5 - 6 - 0)
0
Calculate -4 - -10 - (15 + -7).
-2
What is the value of 3 - 36 - (-387 + 344)?
10
Evaluate ((-4 - 0) + 58 + -48 - -2) + -13.
-5
(93 - 110) + (9 - -1) - -11
4
What is the value of 18 + (-6 - 2 - (6 - 8) - -7)?
19
(16 - 3) + (2 - 27)
-12
Evaluate 21 - (60 + -52 + 32).
-19
What is the value of -9 - (1 - (7 + -5 - -5))?
-3
-36 + -10 + 42 + 37
33
What is the value of 18 - (6 + -6 - -10) - (-2 - -37)?
-27
Evaluate -11 + 10 - 8 - -5.
-4
Evaluate 45 - (-109 - -110 - (2 - 17)).
29
Calculate (-3 + -8 - -2) + (14 - (5 + 8)).
-8
What is the value of 2 + 3 + -6 + (2 - (0 - -7))?
-6
What is (-1 - -3) + 89 + -81?
10
Calculate 5 - (-107 - -108 - (-2 + 0 - -5)).
7
-5521 + 5530 + (-3 - -4 - (-2 + -1))
13
Calculate 16 - (-7 + (18 - -2)).
3
Evaluate 0 - (0 + 9) - (-969 + 966).
-6
Calculate -11 + -7 + 29 + (-2 - (4 - 1)).
6
Calculate (1 - 3) + -7 + -8 + 5.
-12
-8 - (-27 - -15) - 0
4
Evaluate -19 - -1 - ((102 - 49) + -39).
-32
What is 10 - (29 - 11) - 2?
-10
Evaluate (19 - 12) + -34 + 11.
-16
-10 + (22 - (-23 + 35))
0
Evaluate 9 + -5 + -12 - 0.
-8
Evaluate (29 - 41 - 16) + 15.
-13
Evaluate 139 + -148 - (2 + -1 - -8).
-18
Calculate -2 - (-5 + 3 + -2 - (98 - 89)).
11
What is the value of -23 + (17 - 5) - (5 + 2)?
-18
4 - (23 - (-8 - (6 - (6 + 8))))
-19
Calculate 2 - (-1 + 2 + -1 - (20 - 12)).
10
What is (6 + 14 - 22) + 20?
18
Evaluate -101 - -107 - (1 - -20).
-15
What is -53 - -60 - (0 + -2 + 1)?
8
What is (-6 + 0 - -9 - 6) + 4 + -8?
-7
What is the value of 2 + -5 - (8 + -16 - 3)?
8
-15 + (-13 - (-25 - -8))
-11
-11 + -8 + 7 + 4
-8
What is the value of 7 + -1 + (12 + 9 + -26 - -9)?
10
What is 9 + (0 + -2 - (17 + -11 + -6))?
7
-4 + (4 - 5) + (-7 - -1 - -11)
0
Evaluate (-14 - 1 - -16) + 23.
24
-6 - (0 + -5 + 12 - 31)
18
What is -2 - 28 - (-84 + 70)?
-16
Evaluate -12 + (30 - 18) + 1.
1
What is -19 + -43 + 19 + 20?
-23
-3 - 8 - (7 + (5 - 8) + 4)
-19
What is the value of 17 + -11 - (-3 + (3 - -8))?
-2
Evaluate (-4 - -6 - (-3 + 2 - -7)) + -7.
-11
-1 + -7 - ((-5 - 0) + 1 + 5)
-9
Evaluate 0 + 3 + (15 + -4 - 12 - 14).
-12
Calculate 0 + (0 - 14) + 12 + (1 - 5).
-6
(-11 - -6) + (-18 - -33)
10
3 + -14 + -3 - -12
-2
What is the value of 1 - 6 - (268 - 287)?
14
What is (1 - 6 - -1) + -41 + 20 + 27?
2
What is 24 + 4 - (-432 + 463)?
-3
Calculate 2 - 7 - (0 + -7 - (-23 + 23)).
2
Calculate 1 - ((-13 - -3) + 4 - (-13 - -8)).
2
Calculate 6 + 10 + -7 + 80 + -84.
5
-28 + 26 + (1 - 4) - 4 - -4
-5
What is -1 - (28 + -51 - -30 - (0 - -24))?
16
Evaluate -25 + -5 + (25 - 22).
-27
Calculate (1 - -6) + 3 - -10 - 7.
13
What is (-7 + 6 - -5 - -3) + -4?
3
Calculate 21 - (95 + -76) - (-1 - (-2 - 28)).
-27
What is the value of 16 + -12 + 11 + -25?
-10
Calculate (6 + -5 - 0) + -11 + 6 - -8.
4
What is the value of (-66 - -55) + 8 + -2?
-5
(24 - -3) + -18 - (3 - -1)
5
What is -36 + (-5 - -16) - -13?
-12
What is 14 - (-13 + 32 - 14)?
9
What is the value of 856 + -862 - ((1 - 10) + 0)?
3
Calculate 9 + (9 - 4 - 7) + 6.
13
0 + 22 + -25 + 4 + 16
17
What is the value of (-1 - 48) + (5 - -18)?
-26
What is the value of -2 + -7 + (20 - 1) + 4 + -7?
7
What is -33 + 33 + (4 - 2) + 12?
14
What is (-567 - -551) + (22 - -1)?
7
What is the value of (-2 - 9 - (-29 + 27)) + 9?
0
Calculate 1 + -1 + -110 + 8 + 113.
11
What is the value of -24 + 17 - (1 + -8 + -3 + 1)?
2
Evaluate (6 - 2) + (-20 - (-10 - -2) - -10).
2
Calculate (-8 - 15) + 0 - -39.
16
Evaluate 14 - (10 + -19) - 11.
12
What is the value of 0 + 5 + (13 - (0 + 12)) - 6?
0
-7 + 1 + -3 + (-17 - -19)
-7
What is the value of 1 + -9 + -178 + 185?
-1
Calculate (13 + -77 - -46) + -3.
-21
-1 + 18 + -5 - 6 - (-19 - -14)
11
What is the value of 27 + 4 - (-168 + 197)?
2
What is -137 - -122 - (-18 + -3)?
6
What is the value of -9 + -15 + 15 + 6 + -2 + 14?
9
Calculate (0 - -21) + -2 + -2 - (-318 - -319).
16
4 - (-20 - (-15 + 2 + 12))
23
(1 - 7) + 22 + 14 + -34
-4
What is the value of 0 - 1 - (-10 + 15 - 7)?
1
-20 + (-2 - -4) + (3 - -1 - 8)
-22
Calculate (-14 - -10) + -9 + 15 + 18.
20
(3 - 16) + -13 + 15
-11
Evaluate -1 + -1 + -2 + (-438 - -470).
28
What is the value of 18 - (17 - (5 + -3))?
3
Evaluate -16 + (-6 + 8 - -11) - -3.
0
What is 4 + 13 + -1 + -10?
6
-3 + 11 + (-19 - -32 - 20)
1
4 + (-13 - -17) + (11 - 3) + -2
14
(7 - (-7 + -19 + (-6 - -12))) + -3
24
Evaluate -27 + 57 + -28 + -9 + 1.
-6
What is (-3 - (5 + 0)) + -6 + 16 + -6?
-4
3 + (4 - (4 + 10)) + 30
23
Evaluate 358 - 325 - (2 + 22).
9
What is the value of 9 + -23 + -1 - -8 - (-1 + -5)?
-1
Evaluate (8 - -17) + -12 + -1.
12
Calculate (41 - (62 - 35)) + 0 + -2 + -6.
6
What is the value of -20 + 28 + 5 + -5?
8
What is the value of (0 - 21 - (217 - 234)) + -16?
-20
Calculate 23 - (37 + -21 - -18).
-11
What is (1 - 13 - -25) + 9 + -18 + 7?
11
What is 7 + (0 - 1) + 7 + 293 + -290?
16
What is -2 - (12 - -7) - 6?
-27
What is the value of -4 - (-4 + (-12 - -13) - 6)?
5
What is the value of (-41 - -23) + 15 - -27?
24
What is the value of (10 - -19 - 17) + -22?
-10
(8 - 3) + (-21 - -8)
-8
What is the value of (1 - (1 + (1 - 19))) + -3 + 2?
17
What is the value of 7 + (5 - (18 + -3)) - 5?
-8
What is the value of 24 - (-2 - -14) - (-3 + 20)?
-5
Evaluate (16 - -9 - 17) + -20.
-12
20 + (-2 - (20 + -10))
8
What is the value of 3 + -6 + -6 + 1 + 8 - 23?
-23
Evaluate 13 + -5 + -22 - (2 - -12).
-28
What is -7 - 6 - (-57 - -52)?
-8
Calculate 7 + (64 - 72 - (1 + -11)).
9
20 + 2 + -10 + (-3 - -4) + -4
9
What is the value of -21 + 1 + (-28 - -43)?
-5
Evaluate -8 - (-19 + 9 + 22).
-20
(-8 - -11) + -2 - -9
10
What is the value of -32 + 2 + (-9 - (3 + -24))?
-18
What is 5 + 19 + -23 + -2 + -1?
-2
Evaluate -1 + 14 - (747 - 742).
8
Evaluate (9 - 2) + (-12 - -29 - 36).
-12
What is the value of 8 - (-13 - -12) - 28?
-19
What is the value of 10 - (-9 - -26) - (2 + -20 + 0)?
11
Calculate -5 - (7 + -5 - 2 - -4) - 5.
-14
What is (72 - 51) + (13 - 44)?
-10
-24 - (-11 - (-9 - -15))
-7
Calculate (-2 - -28) + (13 - 29).
10
Evaluate -15 - (-2 + -6) - -3.
-4
7 + (23 + 1 - 49)
-18
What is -40 + (8 - -21) + 33 + 1?
23
Evaluate -7 + 42 + (-12 + 6 - 7).
22
Evaluate -13 + 4 - -14 - (-2 + -4).
11
What is the value of (18 + -2 - -1) + -1 + -1001 + 1001?
16
Evaluate 4 + (22 - (-20 + 36)).
10
Evaluate 16 - 10 - (-82 - -72).
16
(63 - 51) + -1 + 0
11
What is the value of 10 + 2 - 16 - (-4 + (-2 - 22))?
24
(-10 - -9) + (13 - 26)
-14
Evaluate -4 - (4 - 6) - (2 - (8 - 14)).
-10
Evaluate -25 - (-31 - -14 - 2) - (13 + -1).
-18
Calculate (-14 + 20 - 23) + (-3 - -2).
-18
What is (40 - 20) + 3 + (-6 - -5) + -9?
13
Evaluate -11 - (-2 + 2 - (-4 + -5 - -5)).
-15
21 - -3 - (-3 + -7 + 19)
15
Calculate -3 - (0 - -2) - (2 + -2 + -5).
0
Evaluate (781 - 823) + 17 + 2.
-23
Evaluate (-9 - (-9 + 4)) + 8 + -1 + -4.
-1
What is -3 - (34 + -20) - -43?
26
What is the value of -20 + 20 + (8 - 21)?
-13
62 + 16 + -20 - 37
21
What is the value of 1 + 2 + (-9 + 10 + 13 - 9)?
8
What is -55 + 60 - (1 - -1) - -14?
17
Calculate 5 + -8 + 42 - 32.
7
Calculate 36 - (-29 - -34) - 10.
21
What is 0 - (-2 + 13) - (-887 - -869)?
7
Evaluate 20 + 6 + -2 + -17.
7
What is the value of 21 + (-21 - 10 - -15)?
5
Calculate 38 + 1 + (-127 - -88).
0
What is the value of -2 - (-3 - 24) - (-16 + 26)?
15
Calculate (0 - -6) + (-2 - -2 - (31 + -17)).
-8
What is the value of 0 - -1 - 2 - (31 - (19 - 12))?
-25
Calculate 2 + (-1 - -1 - ((20 - 16) + 16)).
-18
What is the value of (5 - 4 - (19 + -10) - 3) + 7?
-4
20 - ((-2 - 3) + 19 + -7 + -1)
14
What is the value of (-3 - -4) + (-2 - -8) - 3?
4
Calculate 203 + -192 + 0 + -19.
-8
Evaluate 20 + -22 - (-11 - 4).
13
What is -3 + 1 + 5 + (15 - (-14 + 29))?
3
36 - (27 - (11 - -5))
25
Evaluate (-5 + -3 - -1) + 13.
6
(55 - 48 - (-2 + 2)) + 4 + -6
5
0 - (-3 - -6) - 3
-6
What is the value of (7 - -1 - (10 + -4 + 2)) + 9?
9
9 - -10 - 11 - -1
9
Evaluate 33 + 37 + -44 + -32.
-6
Evaluate 6 + 0 - (5 - (11 + (9 - 27))).
-6
Evaluate -1 - (-21 - -7 - -1).
12
What is (19 - (-2 - -4)) + (25 + -23 - 7)?
12
What is -2 - (-2 + -5) - 1 - (-12 - -13)?
3
What is -6 + (38 + (-2 - 11) - 13)?
6
What is the value of -15 - (2 - 1) - (42 + -22 - 25)?
-11
(0 +